digit of 814534?
5
What is the ten thousands digit of 59123810?
2
What is the thousands digit of 503003737?
3
What is the ten thousands digit of 55362341?
6
What is the hundreds digit of 351532394?
3
What is the billions digit of 5863912892?
5
What is the millions digit of 2503883434?
3
What is the units digit of 81070340?
0
What is the ten millions digit of 251575593?
5
What is the hundreds digit of 1473171663?
6
What is the hundred thousands digit of 2705750?
7
What is the ten thousands digit of 378608952?
0
What is the ten thousands digit of 2823771257?
7
What is the ten millions digit of 1151692315?
5
What is the ten thousands digit of 383200943?
0
What is the tens digit of 22875135?
3
What is the hundred thousands digit of 1076013390?
0
What is the ten millions digit of 1191874289?
9
What is the millions digit of 92246498?
2
What is the tens digit of 1021340299?
9
What is the millions digit of 222396275?
2
What is the ten thousands digit of 627937200?
3
What is the thousands digit of 171656501?
6
What is the thousands digit of 775565338?
5
What is the hundreds digit of 619834676?
6
What is the millions digit of 39788209?
9
What is the millions digit of 89300923?
9
What is the hundreds digit of 60867650?
6
What is the millions digit of 1244255031?
4
What is the units digit of 25913698?
8
What is the units digit of 11996306?
6
What is the millions digit of 2392925927?
2
What is the tens digit of 8134481?
8
What is the hundred thousands digit of 9575820?
5
What is the ten thousands digit of 81161352?
6
What is the ten thousands digit of 42614523?
1
What is the thousands digit of 855842953?
2
What is the hundred millions digit of 301080189?
3
What is the tens digit of 641460027?
2
What is the ten thousands digit of 3341681683?
8
What is the units digit of 440983844?
4
What is the hundreds digit of 122127742?
7
What is the billions digit of 2067439352?
2
What is the hundreds digit of 1930510109?
1
What is the hundred millions digit of 1279914065?
2
What is the ten thousands digit of 20393603?
9
What is the units digit of 53554615?
5
What is the millions digit of 6938867144?
8
What is the tens digit of 56396829?
2
What is the millions digit of 1769395380?
9
What is the thousands digit of 388357228?
7
What is the hundred millions digit of 341248734?
3
What is the ten millions digit of 446190225?
4
What is the thousands digit of 232603716?
3
What is the units digit of 2693235?
5
What is the millions digit of 561929081?
1
What is the hundreds digit of 4281543919?
9
What is the ten thousands digit of 6170085?
7
What is the millions digit of 7005001080?
5
What is the millions digit of 47360937?
7
What is the hundreds digit of 1387472?
4
What is the hundred thousands digit of 12828172?
8
What is the units digit of 431739446?
6
What is the ten thousands digit of 108395882?
9
What is the hundred millions digit of 1147275675?
1
What is the units digit of 42824609?
9
What is the hundred millions digit of 2047942552?
0
What is the tens digit of 1395541235?
3
What is the hundred thousands digit of 124507958?
5
What is the hundred thousands digit of 192969138?
9
What is the hundred thousands digit of 1328325895?
3
What is the ten thousands digit of 365801372?
0
What is the tens digit of 318799835?
3
What is the units digit of 443154287?
7
What is the units digit of 4199402014?
4
What is the thousands digit of 1465860163?
0
What is the units digit of 2733221412?
2
What is the ten thousands digit of 55912447?
1
What is the millions digit of 250614295?
0
What is the millions digit of 53063789?
3
What is the thousands digit of 220120071?
0
What is the hundred millions digit of 146694145?
1
What is the millions digit of 35379865?
5
What is the hundred millions digit of 2956859361?
9
What is the hundred millions digit of 3148805514?
1
What is the ten thousands digit of 8930819?
3
What is the hundred millions digit of 3077322116?
0
What is the hundred thousands digit of 26555557?
5
What is the hundreds digit of 687113629?
6
What is the millions digit of 292132152?
2
What is the thousands digit of 4919853569?
3
What is the millions digit of 37697755?
7
What is the millions digit of 168251611?
8
What is the hundred millions digit of 1275752702?
2
What is the thousands digit of 955684174?
4
What is the hundreds digit of 50107679?
6
What is the hundred thousands digit of 113359571?
3
What is the hundred thousands digit of 67131123?
1
What is the millions digit of 559799213?
9
What is the tens digit of 35067633?
3
What is the millions digit of 103285507?
3
What is the ten thousands digit of 690799850?
9
What is the ten thousands digit of 165466755?
6
What is the ten millions digit of 250803117?
5
What is the hundred thousands digit of 989463056?
4
What is the ten millions digit of 847317150?
4
What is the ten millions digit of 566837205?
6
What is the units digit of 253226?
6
What is the billions digit of 5281490113?
5
What is the ten millions digit of 19938635?
1
What is the ten thousands digit of 290210665?
1
What is the ten thousands digit of 732331993?
3
What is the millions digit of 1537123612?
7
What is the thousands digit of 24417652?
7
What is the ten thousands digit of 1165643361?
4
What is the tens digit of 367723795?
9
What is the ten thousands digit of 126513408?
1
What is the millions digit of 348824578?
8
What is the ten millions digit of 2637670656?
3
What is the thousands digit of 2434579603?
9
What is the thousands digit of 592111165?
1
What is the hundred millions digit of 155113162?
1
What is the ten millions digit of 13253961?
1
What is the ten thousands digit of 147491245?
9
What is the ten thousands digit of 101727720?
2
What is the tens digit of 67344698?
9
What is the units digit of 9591044?
4
What is the tens digit of 157808534?
3
What is the thousands digit of 6510369681?
9
What is the thousands digit of 81620845?
0
What is the thousands digit of 3666390669?
0
What is the tens digit of 536375763?
6
What is the billions digit of 6367681152?
6
What is the millions digit of 904641597?
4
What is the tens digit of 873327645?
4
What is the hundred thousands digit of 162652124?
6
What is the units digit of 17410511?
1
What is the ten millions digit of 16186712?
1
What is the units digit of 642607781?
1
What is the hundreds digit of 3675347185?
1
What is the tens digit of 1065483617?
1
What is the hundreds digit of 72607754?
7
What is the units digit of 3415309?
9
What is the hundred millions digit of 795382068?
7
What is the hundred thousands digit of 669714468?
7
What is the thousands digit of 59535135?
5
What is the millions digit of 49705804?
9
What is the millions digit of 591733350?
1
What is the hundreds digit of 34351346?
3
What is the tens digit of 60889532?
3
What is the tens digit of 402164812?
1
What is the hundreds digit of 3324289831?
8
What is the hundred thousands digit of 1073918873?
9
What is the thousands digit of 84844390?
4
What is the ten millions digit of 76151473?
7
What is the units digit of 75241048?
8
What is the thousands digit of 224196784?
6
What is the hundred thousands digit of 65360862?
3
What is the units digit of 29262226?
6
What is the ten millions digit of 4768414244?
6
What is the billions digit of 3153235370?
3
What is the tens digit of 2463408037?
3
What is the hundreds digit of 1680639123?
1
What is the hundred millions digit of 2044607630?
0
What is the hundreds digit of 144313081?
0
What is the tens digit of 169284731?
3
What is the ten millions digit of 107136079?
0
What is the millions digit of 3887456809?
7
What is the ten millions digit of 231152115?
3
What is the units digit of 110289409?
9
What is the hundred millions digit of 498573106?
4
What is the units digit of 43490616?
6
What is the billions digit of 1277026752?
1
What is the units digit of 1485324066?
6
What is the hundreds digit of 364598388?
3
What is the hundreds digit of 6448376949?
9
What is the units digit of 31692879?
9
What is the ten millions digit of 654742756?
5
What is the ten thousands digit of 720380443?
8
What is the ten thousands digit of 2587411026?
1
What is the units digit of 775454927?
7
What is the hundreds digit of 40794192?
1
What is the tens digit of 4467632839?
3
What is the hundreds digit of 154544114?
1
What is th